.
3, 457, 877
List the prime factors of 380630.
2, 5, 17, 2239
What are the prime factors of 1365053?
839, 1627
What are the prime factors of 179367?
3, 17, 3517
List the prime factors of 2488691.
439, 5669
What are the prime factors of 207550?
2, 5, 7, 593
What are the prime factors of 269453?
59, 4567
List the prime factors of 7079735.
5, 13, 17, 43, 149
List the prime factors of 18923857.
31, 610447
List the prime factors of 8408046.
2, 3, 271, 5171
List the prime factors of 2400147.
3, 266683
What are the prime factors of 248169?
3, 82723
List the prime factors of 269002.
2, 19, 7079
List the prime factors of 162704.
2, 10169
List the prime factors of 3377178.
2, 3, 7, 547
What are the prime factors of 2257871?
7, 11, 59, 71
What are the prime factors of 1318393?
61, 21613
List the prime factors of 3295697.
163, 20219
What are the prime factors of 5042700?
2, 3, 5, 13, 431
What are the prime factors of 2622069?
3, 23, 53, 239
List the prime factors of 519697.
709, 733
What are the prime factors of 125620?
2, 5, 11, 571
List the prime factors of 2359224.
2, 3, 7, 31, 151
What are the prime factors of 3696504?
2, 3, 7, 22003
List the prime factors of 15428078.
2, 17, 23, 109, 181
List the prime factors of 338295.
3, 5, 19, 1187
List the prime factors of 3755418.
2, 3, 83, 7541
What are the prime factors of 3521108?
2, 17, 53, 977
List the prime factors of 7518524.
2, 13, 191, 757
List the prime factors of 5379694.
2, 89, 30223
What are the prime factors of 17730094?
2, 73, 121439
List the prime factors of 112846.
2, 17, 3319
What are the prime factors of 3981476?
2, 995369
List the prime factors of 55298.
2, 43, 643
List the prime factors of 133973.
7, 19139
List the prime factors of 3427088.
2, 7, 37, 827
What are the prime factors of 2083045?
5, 31, 89, 151
List the prime factors of 3346459.
503, 6653
List the prime factors of 5196867.
3, 13, 133253
List the prime factors of 6823056.
2, 3, 41, 3467
List the prime factors of 23255737.
23, 199, 5081
What are the prime factors of 187784?
2, 23473
What are the prime factors of 494727?
3, 37, 4457
List the prime factors of 852127.
23, 37049
List the prime factors of 43509.
3, 14503
List the prime factors of 187643.
31, 6053
List the prime factors of 53921.
7, 7703
What are the prime factors of 248452?
2, 179, 347
What are the prime factors of 7852589?
17, 461917
List the prime factors of 28793991.
3, 9597997
List the prime factors of 621078.
2, 3, 17, 6089
List the prime factors of 726367.
726367
What are the prime factors of 1996022?
2, 7, 142573
What are the prime factors of 133856?
2, 47, 89
What are the prime factors of 64486?
2, 19, 1697
List the prime factors of 1465815.
3, 5, 13, 7517
List the prime factors of 679156.
2, 169789
List the prime factors of 395324.
2, 23, 4297
What are the prime factors of 107746?
2, 17, 3169
List the prime factors of 59574.
2, 3, 9929
List the prime factors of 1466527.
83, 17669
What are the prime factors of 38183?
38183
List the prime factors of 532972.
2, 11, 12113
What are the prime factors of 16500936?
2, 3, 23, 167, 179
List the prime factors of 2671132.
2, 29, 23027
List the prime factors of 5131419.
3, 37, 46229
What are the prime factors of 1628011?
7, 11, 21143
What are the prime factors of 269587?
71, 3797
List the prime factors of 5974246.
2, 19, 157217
List the prime factors of 26738301.
3, 19, 293, 1601
List the prime factors of 66030.
2, 3, 5, 31, 71
List the prime factors of 326569.
29, 11261
What are the prime factors of 25287990?
2, 3, 5, 7, 13, 59, 157
List the prime factors of 2447872.
2, 7, 683
What are the prime factors of 134760?
2, 3, 5, 1123
List the prime factors of 615385.
5, 123077
What are the prime factors of 1139179?
101, 11279
What are the prime factors of 462926?
2, 231463
What are the prime factors of 2015459?
331, 6089
List the prime factors of 6914051.
71, 97381
What are the prime factors of 279742?
2, 139871
What are the prime factors of 218274?
2, 3, 7, 5197
List the prime factors of 79202.
2, 199
What are the prime factors of 284012?
2, 19, 37, 101
What are the prime factors of 107936?
2, 3373
What are the prime factors of 101015?
5, 89, 227
List the prime factors of 2865554.
2, 17, 271, 311
What are the prime factors of 2846328?
2, 3, 233, 509
What are the prime factors of 128387?
7, 18341
List the prime factors of 23869.
23869
List the prime factors of 303050.
2, 5, 11, 19, 29
List the prime factors of 14944796.
2, 3736199
List the prime factors of 168239.
37, 4547
List the prime factors of 4842888.
2, 3, 201787
List the prime factors of 17947286.
2, 7, 19, 109, 619
List the prime factors of 786334.
2, 19, 20693
What are the prime factors of 784073?
19, 29, 1423
List the prime factors of 327007.
327007
What are the prime factors of 3448477?
29, 118913
What are the prime factors of 1201166?
2, 127, 4729
What are the prime factors of 45940?
2, 5, 2297
List the prime factors of 1916898.
2, 3, 319483
What are the prime factors of 857825?
5, 34313
List the prime factors of 261392.
2, 17, 31
List the prime factors of 2819467.
7, 17, 19, 29, 43
What are the prime factors of 2333776?
2, 145861
What are the prime factors of 2879207?
29, 101, 983
What are the prime factors of 21512714?
2, 113, 95189
What are the prime factors of 416179?
29, 113, 127
List the prime factors of 985876.
2, 246469
What are the prime factors of 1069960?
2, 5, 23, 1163
What are the prime factors of 2315935?
5, 113, 4099
List the prime factors of 1603359.
3, 178151
List the prime factors of 318606.
2, 3, 53101
List the prime factors of 246293.
163, 1511
What are the prime factors of 797820?
2, 3, 5, 13297
List the prime factors of 41015.
5, 13, 631
What are the prime factors of 1286239?
1286239
What are the prime factors of 690189?
3, 230063
What are the prime factors of 2036928?
2, 3, 103
List the prime factors of 88475.
5, 3539
What are the prime factors of 391935?
3, 5, 17, 29, 53
What are the prime factors of 14093576?
2, 7, 157, 229
List the prime factors of 138325.
5, 11, 503
What are the prime factors of 2055603?
3, 11, 167, 373
What are the prime factors of 539006?
2, 13, 20731
List the prime factors of 5286854.
2, 2643427
List the prime factors of 1815058.
2, 7, 18521
List the prime factors of 309879.
3, 23, 499
What are the prime factors of 1051299?
3, 12979
List the prime factors of 1001077.
7, 11, 13001
List the prime factors of 60253.
89, 677
List the prime factors of 1033789.
1033789
List the prime factors of 85496.
2, 10687
List the prime factors of 150335.
5, 107, 281
What are the prime factors of 179320?
2, 5, 4483
List the prime factors of 319149.
3, 35461
What are the prime factors of 424527?
3, 141509
List the prime factors of 4043622.
2, 3, 11, 197, 311
What are the prime factors of 180385?
5, 43, 839
What are the prime factors of 647234?
2, 7, 83, 557
What are the prime factors of 3590746?
2, 83, 97, 223
What are the prime factors of 1185919?
7, 191, 887
List the prime factors of 181052.
2, 45263
List the prime factors of 22933949.
59, 388711
List the prime factors of 770573.
770573
What are the prime factors of 4193389?
4193389
What are the prime factors of 760737?
3, 239, 1061
List the prime factors of 8027566.
2, 4013783
List the prime factors of 9581793.
3, 13, 18899
What are the prime factors of 21842389?
193, 113173
List the prime factors of 5161805.
5, 11, 93851
What are the prime factors of 28350?
2, 3, 5, 7
What are the prime factors of 30808?
2, 3851
What are the prime factors of 1350269?
29, 101, 461
What are the prime factors of 8611013?
467, 18439
What are the prime factors of 900713?
11, 81883
List the prime factors of 222539.
139, 1601
What are the prime factors of 1134484?
2, 13, 21817
What are the prime factors of 165303?
3, 18367
List the prime factors of 7178798.
2, 11, 326309
List the prime factors of 32293267.
37, 872791
List the prime factors of 1500366.
2, 3, 7, 139, 257
What are the prime factors of 2071731?
3, 29, 23813
List the prime factors of 16261577.
31, 47, 11161
What are the prime factors of 7460995?
5, 277, 5387
List the prime factors of 242315.
5, 48463
List the prime factors of 127132.
2, 37, 859
What are the prime factors of 1203269?
43, 27983
List the prime factors of 17083129.
7, 2440447
